9510.
74
What is the highest common divisor of 3580880 and 238?
34
What is the greatest common divisor of 6852 and 429280084?
2284
What is the highest common divisor of 26187693 and 63?
21
Calculate the greatest common divisor of 41574 and 1178268.
1014
What is the highest common divisor of 9438616 and 106408?
2264
What is the highest common divisor of 231814586 and 73724?
5266
Calculate the greatest common divisor of 1442819 and 15953.
371
What is the greatest common divisor of 27156 and 52266?
186
What is the greatest common factor of 56 and 12958648?
8
Calculate the highest common divisor of 720 and 39668490.
90
Calculate the greatest common factor of 56 and 3377255.
7
Calculate the highest common factor of 26 and 232072906.
26
Calculate the greatest common divisor of 213424 and 3896.
8
Calculate the greatest common factor of 2655 and 121994595.
2655
What is the highest common factor of 2730 and 21824400?
390
Calculate the highest common divisor of 6634687 and 5086.
2543
What is the greatest common divisor of 25818878 and 388?
194
Calculate the highest common divisor of 92587 and 40964.
209
Calculate the greatest common factor of 76666770 and 540.
270
What is the highest common factor of 2872830 and 6765405?
10965
Calculate the greatest common factor of 2 and 9612848.
2
Calculate the highest common factor of 553 and 22951915.
7
Calculate the greatest common divisor of 6534005 and 70.
5
Calculate the greatest common divisor of 165 and 162574935.
15
What is the highest common divisor of 282 and 183455758?
94
What is the highest common factor of 768540 and 10800?
60
What is the greatest common divisor of 264 and 1775598?
66
What is the greatest common divisor of 178137042 and 678?
678
Calculate the highest common divisor of 18714755 and 15805.
545
Calculate the greatest common divisor of 4499949 and 342849.
447
Calculate the highest common factor of 4704 and 550456.
8
Calculate the greatest common divisor of 54 and 340928154.
18
What is the greatest common divisor of 6595 and 403460?
5
Calculate the greatest common divisor of 171970 and 24041.
29
What is the highest common factor of 914 and 601518938?
914
What is the highest common divisor of 15 and 3279366?
3
Calculate the highest common divisor of 1431580151 and 219.
73
Calculate the greatest common divisor of 786630 and 11685.
15
Calculate the highest common divisor of 1606430 and 3233.
53
What is the greatest common divisor of 5830 and 26774?
22
Calculate the highest common factor of 1922922 and 812170.
674
Calculate the greatest common factor of 59195292 and 17.
17
Calculate the greatest common factor of 380492 and 2130044.
3556
Calculate the highest common divisor of 30945762 and 1188.
18
What is the greatest common divisor of 500 and 57492700?
100
What is the highest common factor of 22 and 601684138?
22
Calculate the highest common factor of 31073 and 335048.
1351
Calculate the greatest common divisor of 27060 and 1020600.
60
Calculate the greatest common divisor of 2816318 and 5199902.
7094
Calculate the highest common divisor of 385466 and 50.
2
What is the greatest common divisor of 744282 and 19278?
378
What is the highest common factor of 25201 and 19020672?
869
What is the greatest common divisor of 237184 and 9124172?
7412
What is the highest common factor of 36 and 22674258?
18
What is the highest common divisor of 173339724 and 651?
93
What is the greatest common factor of 576238 and 5957?
37
Calculate the greatest common factor of 36015 and 139776.
21
What is the highest common divisor of 179 and 335427205?
179
What is the highest common divisor of 275 and 214898375?
25
What is the greatest common factor of 3550599 and 351?
117
Calculate the highest common factor of 10477401 and 12.
3
What is the greatest common divisor of 73745971 and 13?
13
What is the greatest common divisor of 1253560 and 550?
110
Calculate the greatest common factor of 84450 and 9767487.
1689
Calculate the greatest common factor of 16668449 and 1666.
119
Calculate the highest common factor of 17240 and 66440.
40
Calculate the greatest common factor of 3002280 and 582168.
3048
Calculate the highest common factor of 2199 and 79457200.
733
Calculate the greatest common divisor of 126225 and 127160.
935
What is the highest common factor of 8204 and 466456?
1172
What is the greatest common divisor of 4050 and 15252150?
150
What is the highest common factor of 4227 and 51759615?
4227
What is the greatest common factor of 4425619 and 3212?
11
Calculate the highest common divisor of 110448 and 1543204.
3068
Calculate the highest common divisor of 254610 and 81795.
615
Calculate the greatest common divisor of 121 and 2834590.
11
Calculate the highest common factor of 307524 and 150.
6
Calculate the highest common factor of 25991 and 1948219.
553
What is the highest common divisor of 55419619 and 857?
857
What is the greatest common factor of 74667077 and 153?
17
What is the highest common factor of 1344 and 359916?
12
Calculate the highest common factor of 2001022 and 5718517.
9179
What is the greatest common factor of 80 and 230760496?
16
Calculate the greatest common divisor of 21608 and 532681.
73
Calculate the highest common divisor of 731879433 and 31131.
10377
Calculate the greatest common divisor of 2592 and 2370510.
18
What is the highest common factor of 568354 and 4723408?
5518
Calculate the greatest common divisor of 850016 and 33532.
404
Calculate the highest common factor of 35 and 943355.
35
What is the greatest common factor of 47 and 27044082?
47
What is the greatest common divisor of 819 and 96047?
7
What is the greatest common divisor of 1029834 and 11259?
81
Calculate the greatest common factor of 200 and 2614335.
5
What is the highest common factor of 132 and 13235442?
66
Calculate the greatest common factor of 4402 and 7001536.
62
Calculate the highest common divisor of 21672 and 272328.
168
What is the greatest common factor of 277698 and 156426?
186
What is the greatest common factor of 118260710 and 345?
115
Calculate the greatest common factor of 58235408 and 1232.
1232
What is the greatest common divisor of 8434309 and 3133?
13
Calculate the highest common divisor of 7144 and 2094560.
152
What is the highest common factor of 12639 and 722721?
1149
What is the greatest common divisor of 165579 and 13205352?
1707
Calculate the greatest common divisor of 7345 and 768443.
13
What is the highest common divisor of 2847 and 70609323?
219
What is the greatest common divisor of 6006 and 64292514?
858
What is the highest common factor of 394060 and 26962?
2074
Calculate the highest common divisor of 27040170 and 30.
30
Calculate the greatest common divisor of 391842 and 4422.
66
Calculate the highest common divisor of 7789937 and 9247.
1321
Calculate the highest common divisor of 171 and 141464823.
57
What is the highest common factor of 8536987 and 336752?
1619
What is the highest common factor of 5624 and 84413428?
2812
Calculate the greatest common divisor of 46859 and 311064.
997
What is the highest common factor of 1178339 and 27121?
37
What is the greatest common factor of 26325 and 13639275?
2925
What is the highest common factor of 95797025 and 393?
131
Calculate the greatest common divisor of 66566 and 1502948.
802
Calculate the highest common divisor of 19831 and 63007.
7
Calculate the greatest common factor of 38 and 514413505.
19
What is the greatest common divisor of 85521493 and 198307?
6397
What is the highest common factor of 3161592 and 4200?
168
Calculate the greatest common divisor of 6522869 and 20723.
1219
What is the highest common divisor of 344529500 and 400?
100
What is the greatest common divisor of 507084 and 7612?
4
What is the greatest common factor of 77 and 7426397?
11
What is the greatest common factor of 200134 and 933683?
827
Calculate the highest common divisor of 1841177 and 416.
13
Calculate the highest common divisor of 1088278539 and 164.
41
Calculate the highest common factor of 195 and 16641015.
15
Calculate the greatest common divisor of 49104563 and 25065.
557
What is the greatest common factor of 453006 and 792?
18
What is the highest common factor of 14055650 and 17150?
2450
Calculate the highest common divisor of 2481 and 16100863.
827
Calculate t